6) to base 10.
15
-133 (base 4) to base 13
-25
Convert -1231 (base 4) to base 11.
-9a
Convert 22 (base 13) to base 15.
1d
208 (base 13) to base 6
1334
What is -3 (base 14) in base 8?
-3
What is 1302 (base 5) in base 3?
21111
What is 15 (base 15) in base 4?
110
What is 11011 (base 2) in base 5?
102
Convert 3 (base 13) to base 3.
10
11001 (base 2) to base 9
27
Convert 66 (base 14) to base 5.
330
Convert 3 (base 9) to base 2.
11
Convert -1200 (base 4) to base 16.
-60
What is 52 (base 9) in base 7?
65
What is -39 (base 16) in base 7?
-111
8 (base 16) to base 13
8
-6 (base 15) to base 4
-12
-233 (base 6) to base 13
-72
436 (base 7) to base 8
337
Convert -8 (base 9) to base 12.
-8
-1 (base 2) to base 9
-1
-95 (base 10) to base 5
-340
5 (base 15) to base 10
5
What is 1 (base 2) in base 4?
1
Convert 1 (base 11) to base 7.
1
4 (base 16) to base 11
4
0 (base 15) to base 7
0
What is -a0 (base 12) in base 10?
-120
Convert -1110 (base 3) to base 16.
-27
Convert -1000 (base 2) to base 6.
-12
Convert -2 (base 11) to base 3.
-2
-3 (base 9) to base 10
-3
What is 6 (base 15) in base 2?
110
11 (base 4) to base 6
5
Convert 0 (base 11) to base 4.
0
-114 (base 10) to base 5
-424
a (base 12) to base 4
22
What is -1 (base 15) in base 14?
-1
22 (base 3) to base 15
8
-41 (base 15) to base 4
-331
Convert -6 (base 8) to base 12.
-6
Convert -23 (base 4) to base 2.
-1011
Convert -12 (base 14) to base 11.
-15
3b (base 12) to base 16
2f
101101 (base 2) to base 6
113
Convert -1 (base 10) to base 3.
-1
1 (base 12) to base 5
1
254 (base 6) to base 8
152
Convert -2 (base 16) to base 2.
-10
-11 (base 2) to base 4
-3
12 (base 7) to base 16
9
334 (base 11) to base 13
24a
Convert -10010 (base 2) to base 7.
-24
What is 0 (base 6) in base 10?
0
18 (base 9) to base 16
11
What is -47 (base 8) in base 9?
-43
-13 (base 4) to base 16
-7
0 (base 14) to base 13
0
What is 117 (base 9) in base 12?
81
What is 43 (base 10) in base 11?
3a
What is -43 (base 5) in base 7?
-32
What is 14 (base 6) in base 2?
1010
Convert 1 (base 15) to base 6.
1
3 (base 8) to base 11
3
What is -1 (base 14) in base 12?
-1
What is -1a (base 12) in base 15?
-17
Convert -28 (base 10) to base 16.
-1c
Convert 142 (base 9) to base 6.
315
Convert 333 (base 7) to base 11.
146
1 (base 14) to base 5
1
66 (base 12) to base 14
58
-47 (base 8) to base 4
-213
What is -10 (base 12) in base 10?
-12
Convert -62 (base 7) to base 14.
-32
Convert 124 (base 6) to base 2.
110100
What is 7 (base 15) in base 8?
7
Convert 192 (base 11) to base 3.
22020
What is -61 (base 10) in base 3?
-2021
-3 (base 4) to base 8
-3
Convert 209 (base 10) to base 9.
252
Convert 11101 (base 2) to base 7.
41
-46 (base 7) to base 11
-31
What is -9 (base 10) in base 9?
-10
-3 (base 7) to base 12
-3
Convert -2 (base 4) to base 2.
-10
Convert -1 (base 10) to base 14.
-1
6 (base 14) to base 11
6
Convert -69 (base 15) to base 5.
-344
-6 (base 12) to base 6
-10
1001 (base 5) to base 10
126
Convert -1 (base 13) to base 11.
-1
Convert -3 (base 12) to base 6.
-3
Convert -2 (base 14) to base 12.
-2
Convert -110 (base 6) to base 5.
-132
What is -23 (base 4) in base 13?
-b
What is 79 (base 11) in base 4?
1112
4 (base 15) to base 6
4
Convert 116 (base 7) to base 8.
76
Convert -3 (base 15) to base 2.
-11
-14 (base 6) to base 7
-13
-65 (base 9) to base 7
-113
What is 222 (base 5) in base 2?
111110
What is 13 (base 12) in base 2?
1111
Convert 3032 (base 4) to base 7.
413
What is 12 (base 15) in base 4?
101
-2 (base 10) to base 15
-2
1034 (base 6) to base 15
10d
-104 (base 16) to base 3
-100122
Convert -3 (base 5) to base 12.
-3
What is 5 (base 10) in base 8?
5
What is 2100 (base 4) in base 13?
b1
Convert 39 (base 11) to base 5.
132
What is 1111011 (base 2) in base 14?
8b
Convert -5 (base 14) to base 11.
-5
Convert -115 (base 6) to base 5.
-142
Convert 366 (base 9) to base 11.
256
-10 (base 5) to base 2
-101
Convert -248 (base 11) to base 2.
-100100110
Convert 3 (base 4) to base 9.
3
What is 173 (base 15) in base 7?
654
What is -2022 (base 3) in base 12?
-52
-21 (base 8) to base 15
-12
What is 45 (base 12) in base 3?
1222
What is -1101000 (base 2) in base 9?
-125
What is -44 (base 5) in base 12?
-20
What is 101 (base 9) in base 8?
122
Convert -3 (base 12) to base 10.
-3
Convert -4 (base 15) to base 4.
-10
Convert 2 (base 7) to base 13.
2
-13b (base 14) to base 11
-207
3 (base 6) to base 15
3
Convert a (base 15) to base 8.
12
What is -167 (base 12) in base 7?
-436
What is -8 (base 12) in base 10?
-8
Convert -41 (base 5) to base 9.
-23
Convert -22 (base 13) to base 4.
-130
-4 (base 8) to base 12
-4
2 (base 3) to base 16
2
Convert -3 (base 15) to base 11.
-3
8 (base 14) to base 2
1000
What is -138 (base 12) in base 14?
-d6
252 (base 6) to base 7
206
What is -5 (base 14) in base 15?
-5
What is 100 (base 3) in base 5?
14
What is 79 (base 11) in base 13?
68
2 (base 15) to base 2
10
Convert 2 (base 16) to base 11.
2
-11 (base 7) to base 9
-8
Convert 5 (base 11) to base 15.
5
Convert 153 (base 8) to base 16.
6b
Convert 44 (base 7) to base 10.
32
What is -1a7 (base 13) in base 8?
-462
-410 (base 5) to base 3
-10220
What is 1 (base 5) in base 9?
1
0 (base 15) to base 4
0
What is 50 (base 13) in base 8?
101
Convert 110 (base 3) to base 6.
20
Convert -c (base 16) to base 3.
-110
What is -1 (base 16) in base 9?
-1
Convert 66 (base 11) to base 2.
1001000
18 (base 10) to base 15
13
Convert 202 (base 10) to base 12.
14a
What is 7 (base 10) in base 13?
7
What is 0 (base 8) in base 4?
0
Convert 6 (base 13) to base 8.
6
-156 (base 10) to base 6
-420
4 (base 8) to base 6
4
Convert -92 (base 10) to base 6.
-232
Convert -24 (base 12) to base 3.
-1001
What is 11 (base 15) in base 3?
121
-55 (base 10) to base 14
-3d
What is 3 (base 8) in base 14?
3
Convert 111 (base 2) to base 3.
21
-26 (base 7) to base 16
-14
-2020 (base 3) to base 11
-55
10 (base 10) to base 4
22
Convert 6 (base 8) to base 6.
10
What is 47 (base 8) in base 15?
29
-21 (base 11) to base 10
-23
What is 17 (base 14) in base 9?
23
-122 (base 3) to base 5
-32
What is 112 (base 3) in base 10?
14
20 (base 7) to base 16
e
What is -155 (base 11) in base 12?
-131
Convert 10 (base 15) to base 3.
120
What is 100100 (base 3) in base 14?
140
5 (base 14) to base 6
5
What is -22 (base 4) in base 14?
-a
Convert 11100 (base 2) to base 10.
28
What is -552 (base 7) in base 12?
-1b6
-31 (base 16) to base 7
-100
What is -213 (base 9) in base 11?
-149
Convert -36 (base 12) to base 10.
-42
-4 (base 7) to base 12
-4
-14 (base 8) to base 4
-30
Convert -c (base 16) to base 13.
-c
Convert -15 (base 14) to base 12.
-17
Convert -7 (base 9) to base 11.
-7
1 (base 4) to base 10
1
-4 (base 12) to base 7
-4
Convert -41 (base 7) to base 5.
-104
12 (base 4) to base 16
6
What is 2a (base 12) in base 16?
22
Convert 7 (base 12) to base 11.
7
What is 3 (base 9) in base 13?
3
Convert 9a (base 11) to base 13.
85
Convert -60 (base 13) to base 15.
-53
84 (base 16) to base 8
204
Convert -3 (base 15) to base 9.
-3
Convert -41 (base 9) to base 14.
-29
What is 110 (base 2) in base 4?
12
4c (base 13) to base 16
40
Convert 44 (base 10) to base 4.
230
What is 1 (base 3) in base 6?
1
What is -3 (base 14) in base 12?
-3
3 (base 14) to base 6
3
4 (base 13) to base 7
4
Convert -4 (base 9) to base 12.
-4
10 (base 15) to base 3
120
What is -3 (base 7) in base 14?
-3
What is -1000 (base 3) in base 6?
-43
What is 120 (base 11) in base 12?
bb
-2 (base 14) to base 8
-2
3 (base 7) to base 12
3
What is -3 (base 15) in base 13?
-3
What is -9c (base 13) in base 12?
-a9
Convert 353 (base 7) to base 8.
271
What is -1 (base 3) in base 16?
-1
Convert -4 (base 5) to base 3.
-11
Convert -2 (base 12) to base 2.
-10
-1011 (base 2) to base 12
-b
Convert 1 (base 12) to base 8.
1
What is 2 (base 7) in base 6?
2
Convert -6 (base 12) to base 7.
-6
What is 26 (base 12) in base 15?
20
-28 (base 11) to base 2
-11110
Convert -161 (base 8) to base 13.
-89
Convert -30 (base 7) to base 8.
-25
12 (base 9) to base 13
b
What is 3012 (base 4) in base 5?
1243
6 (base 14) to base 5
11
What is -2 (base 7) in base 12?
-2
Convert -212 (base 7) to base 14.
-79
Convert 24 (base 10) to base 15.
19
What is 7 (base 10) in base 3?
21
3 (base 13) to base 15
3
What is 5 (base 6) in base 10?
5
-1 (base 2) to base 3
-1
What is -4 (ba